{"id":17,"date":"2021-06-07T19:58:10","date_gmt":"2021-06-07T17:58:10","guid":{"rendered":"http:\/\/www.PV-Weilbuchner.at\/?page_id=17"},"modified":"2024-08-06T14:46:15","modified_gmt":"2024-08-06T12:46:15","slug":"ueber-uns","status":"publish","type":"page","link":"https:\/\/www.PV-Weilbuchner.at\/?page_id=17","title":{"rendered":"\u00dcber mich"},"content":{"rendered":"\n<p>Ich bin am 30. November 1971 geboren.<\/p>\n\n\n\n<p>Aufgewachsen bin ich im Innviertel zwischen Salzburg und Braunau. Nach den Pflichtschuljahren machte ich eine Lehre zur B\u00fcrokauffrau in Salzburg. Nach meiner Lehrzeit entschied ich mich f\u00fcr den Berufszweig Personalverrechnung.<\/p>\n\n\n\n<p>Nachdem ich bei einem gro\u00dfen Unternehmen und verschiedenen Steuerberatern besch\u00e4ftigt war, entschied ich mich im Jahr 2006 mein eigenes Unternehmen zu gr\u00fcnden. <\/p>\n\n\n\n<p>Seit dieser Zeit betreue ich verschiedenen Firmen rund um die Personalverrechnung.    <\/p>\n\n\n\n<p><\/p>\n","protected":false},"excerpt":{"rendered":"<p>Ich bin am 30. November 1971 geboren. Aufgewachsen bin ich im Innviertel zwischen Salzburg und Braunau. Nach den Pflichtschuljahren machte ich eine Lehre zur B\u00fcrokauffrau in Salzburg. Nach meiner Lehrzeit entschied ich mich f\u00fcr den Berufszweig Personalverrechnung. Nachdem ich bei einem gro\u00dfen Unternehmen und verschiedenen Steuerberatern besch\u00e4ftigt war, entschied ich mich im Jahr 2006 mein [&hellip;]<\/p>\n","protected":false},"author":1,"featured_media":86,"parent":0,"menu_order":0,"comment_status":"closed","ping_status":"closed","template":"","meta":{"footnotes":""},"class_list":["post-17","page","type-page","status-publish","has-post-thumbnail","hentry"],"_links":{"self":[{"href":"https:\/\/www.PV-Weilbuchner.at\/index.php?rest_route=\/wp\/v2\/pages\/17","targetHints":{"allow":["GET"]}}],"collection":[{"href":"https:\/\/www.PV-Weilbuchner.at\/index.php?rest_route=\/wp\/v2\/pages"}],"about":[{"href":"https:\/\/www.PV-Weilbuchner.at\/index.php?rest_route=\/wp\/v2\/types\/page"}],"author":[{"embeddable":true,"href":"https:\/\/www.PV-Weilbuchner.at\/index.php?rest_route=\/wp\/v2\/users\/1"}],"replies":[{"embeddable":true,"href":"https:\/\/www.PV-Weilbuchner.at\/index.php?rest_route=%2Fwp%2Fv2%2Fcomments&post=17"}],"version-history":[{"count":10,"href":"https:\/\/www.PV-Weilbuchner.at\/index.php?rest_route=\/wp\/v2\/pages\/17\/revisions"}],"predecessor-version":[{"id":161,"href":"https:\/\/www.PV-Weilbuchner.at\/index.php?rest_route=\/wp\/v2\/pages\/17\/revisions\/161"}],"wp:featuredmedia":[{"embeddable":true,"href":"https:\/\/www.PV-Weilbuchner.at\/index.php?rest_route=\/wp\/v2\/media\/86"}],"wp:attachment":[{"href":"https:\/\/www.PV-Weilbuchner.at\/index.php?rest_route=%2Fwp%2Fv2%2Fmedia&parent=17"}],"curies":[{"name":"wp","href":"https:\/\/api.w.org\/{rel}","templated":true}]}}

Über mich

<p>Ich bin am 30. November 1971 geboren.</p>



<p>Aufgewachsen bin ich im Innviertel zwischen Salzburg und Braunau. Nach den Pflichtschuljahren machte ich eine Lehre zur Bürokauffrau in Salzburg. Nach meiner Lehrzeit entschied ich mich für den Berufszweig Personalverrechnung.</p>



<p>Nachdem ich bei einem großen Unternehmen und verschiedenen Steuerberatern beschäftigt war, entschied ich mich im Jahr 2006 mein eigenes Unternehmen zu gründen. </p>



<p>Seit dieser Zeit betreue ich verschiedenen Firmen rund um die Personalverrechnung.    </p>



<p></p>

<p>Ich bin am 30. November 1971 geboren. Aufgewachsen bin ich im Innviertel zwischen Salzburg und Braunau. Nach den Pflichtschuljahren machte ich eine Lehre zur Bürokauffrau in Salzburg. Nach meiner Lehrzeit entschied ich mich für den Berufszweig Personalverrechnung. Nachdem ich bei einem großen Unternehmen und verschiedenen Steuerberatern beschäftigt war, entschied ich mich im Jahr 2006 mein [&hellip;]</p>
